{"id":1958,"date":"2020-05-07T08:35:38","date_gmt":"2020-05-07T08:35:38","guid":{"rendered":"http:\/\/localhost\/theratio\/?page_id=1958"},"modified":"2025-12-03T11:27:45","modified_gmt":"2025-12-03T08:27:45","slug":"about-us","status":"publish","type":"page","link":"https:\/\/mkmavikiyi.com\/index.php\/about-us\/","title":{"rendered":"Hakk\u0131m\u0131zda"},"content":{"rendered":"\t\t<div data-elementor-type=\"wp-page\" data-elementor-id=\"1958\" class=\"elementor elementor-1958\">\n\t\t\t\t\t\t<section class=\"elementor-section elementor-top-section elementor-element elementor-element-bdd9939 elementor-section-content-top elementor-section-height-min-height elementor-section-items-top elementor-section-boxed elementor-section-height-default\" data-id=\"bdd9939\" data-element_type=\"section\">\n\t\t\t\t\t\t<div class=\"elementor-container elementor-column-gap-extended\">\n\t\t\t\t\t<div class=\"elementor-column elementor-col-50 elementor-top-column elementor-element elementor-element-12b070d ot-flex-column-vertical\" data-id=\"12b070d\" data-element_type=\"column\">\n\t\t\t<div class=\"elementor-widget-wrap elementor-element-populated\">\n\t\t\t\t\t\t<div class=\"elementor-element elementor-element-ea70568 elementor-widget elementor-widget-image\" data-id=\"ea70568\" data-element_type=\"widget\" data-widget_type=\"image.default\">\n\t\t\t\t\t\t\t\t\t\t\t\t\t\t\t<img fetchpriority=\"high\" decoding=\"async\" width=\"1000\" height=\"500\" src=\"http:\/\/mkmavikiyi.com\/wp-content\/uploads\/2025\/11\/LOGO_MK_1000X500_trans.png\" class=\"attachment-full size-full wp-image-5733\" alt=\"\" srcset=\"http:\/\/mkmavikiyi.com\/wp-content\/uploads\/2025\/11\/LOGO_MK_1000X500_trans.png 1000w, http:\/\/mkmavikiyi.com\/wp-content\/uploads\/2025\/11\/LOGO_MK_1000X500_trans-300x150.png 300w, http:\/\/mkmavikiyi.com\/wp-content\/uploads\/2025\/11\/LOGO_MK_1000X500_trans-768x384.png 768w\" sizes=\"(max-width: 1000px) 100vw, 1000px\" \/>\t\t\t\t\t\t\t\t\t\t\t\t\t\t\t<\/div>\n\t\t\t\t\t<\/div>\n\t\t<\/div>\n\t\t\t\t<div class=\"elementor-column elementor-col-50 elementor-top-column elementor-element elementor-element-c955026 ot-flex-column-vertical\" data-id=\"c955026\" data-element_type=\"column\">\n\t\t\t<div class=\"elementor-widget-wrap elementor-element-populated\">\n\t\t\t\t\t\t<div class=\"elementor-element elementor-element-94474d6 elementor-widget elementor-widget-iheading\" data-id=\"94474d6\" data-element_type=\"widget\" data-widget_type=\"iheading.default\">\n\t\t\t\t<div class=\"elementor-widget-container\">\n\t\t\t\t\t\t\t<div class=\"ot-heading \">\r\n\t        \t        <h2 class=\"main-heading\">Mavi K\u0131y\u0131 Gayrimenkul ve Dan\u0131\u015fmanl\u0131k A.\u015e.<\/h2>\t    <\/div>\r\n\t    \t\t\t\t<\/div>\n\t\t\t\t<\/div>\n\t\t\t\t<div class=\"elementor-element elementor-element-4408703 elementor-widget__width-initial elementor-widget elementor-widget-text-editor\" data-id=\"4408703\" data-element_type=\"widget\" data-widget_type=\"text-editor.default\">\n\t\t\t\t\t\t\t\t\t<p><em>Firmam\u0131z , sekt\u00f6r\u00fcndeki uzmanl\u0131\u011f\u0131n\u0131 modern mimari anlay\u0131\u015fla birle\u015ftirerek m\u00fc\u015fterilerine yenilik\u00e7i, s\u00fcrd\u00fcr\u00fclebilir ve y\u00fcksek ya\u015fam standartlar\u0131 sunan projeler \u00fcretmektedir. Mod\u00fcler ya\u015fam alanlar\u0131 , Tiny House ve \u00f6zel mimari tasar\u0131mlar konusunda T\u00fcrkiye\u2019de \u00f6nc\u00fc markalardan biri olma hedefiyle kurulmu\u015ftur.<\/em><\/p>\t\t\t\t\t\t\t\t<\/div>\n\t\t\t\t\t<\/div>\n\t\t<\/div>\n\t\t\t\t\t<\/div>\n\t\t<\/section>\n\t\t<div class=\"elementor-element elementor-element-fb3da09 e-flex e-con-boxed e-con e-parent\" data-id=\"fb3da09\" data-element_type=\"container\">\n\t\t\t\t\t<div class=\"e-con-inner\">\n\t\t\t\t<div class=\"elementor-element elementor-element-0649d74 elementor-widget elementor-widget-text-editor\" data-id=\"0649d74\" data-element_type=\"widget\" data-widget_type=\"text-editor.default\">\n\t\t\t\t\t\t\t\t\t<p><em>Kuruldu\u011fumuz g\u00fcnden bu yana; kalite, g\u00fcven ve \u015feffafl\u0131k ilkeleriyle hareket ederek, m\u00fc\u015fterilerimizin ihtiya\u00e7lar\u0131na uygun \u00e7\u00f6z\u00fcmler sunuyoruz. \u00dcretimden tasar\u0131ma, projelendirmeden teslimata kadar t\u00fcm s\u00fcre\u00e7leri profesyonel ekibimizle titizlikle y\u00f6netiyor; estetik, fonksiyonellik ve dayan\u0131kl\u0131l\u0131\u011f\u0131 bir arada sunan ya\u015fam alanlar\u0131 geli\u015ftiriyoruz.<\/em><\/p><p><em>Tiny house projelerimiz, minimal ya\u015fam k\u00fclt\u00fcr\u00fcn\u00fc benimseyenler i\u00e7in yaln\u0131zca bir yap\u0131 de\u011fil, yeni bir ya\u015fam bi\u00e7imi sunmaktad\u0131r. Her bir \u00fcr\u00fcn\u00fcm\u00fczde y\u00fcksek malzeme kalitesi, do\u011faya uyum, enerji verimlili\u011fi ve uzun \u00f6m\u00fcrl\u00fcl\u00fck standart olarak yer almaktad\u0131r.<\/em><\/p><p><em>Gayrimenkul dan\u0131\u015fmanl\u0131\u011f\u0131ndan mimari proje geli\u015ftirmeye kadar geni\u015f bir hizmet yelpazesiyle m\u00fc\u015fterilerimize do\u011fru yat\u0131r\u0131m f\u0131rsatlar\u0131 sunuyor; hem bireysel hem de kurumsal \u00e7\u00f6z\u00fcmler \u00fcretiyoruz.<\/em><\/p><p><em>Amac\u0131m\u0131z; modern ya\u015fam ihtiya\u00e7lar\u0131na cevap veren, s\u00fcrd\u00fcr\u00fclebilir ve yenilik\u00e7i projelerle sekt\u00f6rde g\u00fcven duyulan, tercih edilen ve ilham veren bir marka olmakt\u0131r<\/em><\/p>\t\t\t\t\t\t\t\t<\/div>\n\t\t\t\t\t<\/div>\n\t\t\t\t<\/div>\n\t\t\t\t<\/div>\n\t\t","protected":false},"excerpt":{"rendered":"<p>Mavi K\u0131y\u0131 Gayrimenkul ve Dan\u0131\u015fmanl\u0131k A.\u015e. Firmam\u0131z , sekt\u00f6r\u00fcndeki uzmanl\u0131\u011f\u0131n\u0131 modern mimari anlay\u0131\u015fla birle\u015ftirerek m\u00fc\u015fterilerine yenilik\u00e7i, s\u00fcrd\u00fcr\u00fclebilir ve y\u00fcksek ya\u015fam standartlar\u0131 sunan projeler \u00fcretmektedir. Mod\u00fcler ya\u015fam alanlar\u0131 , Tiny House ve \u00f6zel mimari tasar\u0131mlar konusunda T\u00fcrkiye\u2019de \u00f6nc\u00fc markalardan biri olma hedefiyle kurulmu\u015ftur. Kuruldu\u011fumuz g\u00fcnden bu yana; kalite, g\u00fcven ve \u015feffafl\u0131k ilkeleriyle hareket ederek, m\u00fc\u015fterilerimizin ihtiya\u00e7lar\u0131na [&hellip;]<\/p>\n","protected":false},"author":1,"featured_media":0,"parent":0,"menu_order":0,"comment_status":"closed","ping_status":"closed","template":"","meta":{"footnotes":""},"class_list":["post-1958","page","type-page","status-publish","hentry"],"_links":{"self":[{"href":"https:\/\/mkmavikiyi.com\/index.php\/wp-json\/wp\/v2\/pages\/1958","targetHints":{"allow":["GET"]}}],"collection":[{"href":"https:\/\/mkmavikiyi.com\/index.php\/wp-json\/wp\/v2\/pages"}],"about":[{"href":"https:\/\/mkmavikiyi.com\/index.php\/wp-json\/wp\/v2\/types\/page"}],"author":[{"embeddable":true,"href":"https:\/\/mkmavikiyi.com\/index.php\/wp-json\/wp\/v2\/users\/1"}],"replies":[{"embeddable":true,"href":"https:\/\/mkmavikiyi.com\/index.php\/wp-json\/wp\/v2\/comments?post=1958"}],"version-history":[{"count":31,"href":"https:\/\/mkmavikiyi.com\/index.php\/wp-json\/wp\/v2\/pages\/1958\/revisions"}],"predecessor-version":[{"id":5874,"href":"https:\/\/mkmavikiyi.com\/index.php\/wp-json\/wp\/v2\/pages\/1958\/revisions\/5874"}],"wp:attachment":[{"href":"https:\/\/mkmavikiyi.com\/index.php\/wp-json\/wp\/v2\/media?parent=1958"}],"curies":[{"name":"wp","href":"https:\/\/api.w.org\/{rel}","templated":true}]}}