{"id":320,"date":"2020-05-06T03:46:28","date_gmt":"2020-05-06T03:46:28","guid":{"rendered":"http:\/\/localhost\/theratio\/?page_id=320"},"modified":"2025-12-03T11:29:20","modified_gmt":"2025-12-03T08:29:20","slug":"home-1","status":"publish","type":"page","link":"https:\/\/mkmavikiyi.com\/","title":{"rendered":"Ana Sayfa"},"content":{"rendered":"\t\t<div data-elementor-type=\"wp-page\" data-elementor-id=\"320\" class=\"elementor elementor-320\">\n\t\t\t\t\t\t<section class=\"elementor-section elementor-top-section elementor-element elementor-element-c760ec6 elementor-section-full_width has-lines-horizontal has-lines-vertical has-lines-horizontal-bottom elementor-section-height-default elementor-section-height-default no-lines-vertical-center\" data-id=\"c760ec6\" data-element_type=\"section\">\n\t\t\t\t\t\t<div class=\"elementor-container elementor-column-gap-default\">\n\t\t\t\t\t<div class=\"elementor-column elementor-col-100 elementor-top-column elementor-element elementor-element-378f006 ot-flex-column-vertical\" data-id=\"378f006\" data-element_type=\"column\">\n\t\t\t<div class=\"elementor-widget-wrap elementor-element-populated\">\n\t\t\t\t\t\t<div class=\"elementor-element elementor-element-ec03e43 elementor-widget elementor-widget-slider_revolution\" data-id=\"ec03e43\" data-element_type=\"widget\" data-widget_type=\"slider_revolution.default\">\n\t\t\t\t\t\n\t\t<div class=\"wp-block-themepunch-revslider\">\n\t\t\t\t<p class=\"rs-p-wp-fix\"><\/p>\n\t\t\t\t<sr7-module data-alias=\"home-1\" data-id=\"1\" id=\"SR7_1_1\" class=\"rs-ov-hidden\" data-version=\"6.7.38\">\n\t\t\t\t\t<sr7-adjuster><\/sr7-adjuster>\n\t\t\t\t\t<sr7-content>\n\t\t\t\t\t\t<sr7-slide id=\"SR7_1_1-1\" data-key=\"1\">\n\t\t\t\t\t\t\t<sr7-bg id=\"SR7_1_1-1-4\" class=\"sr7-layer\"><noscript><img decoding=\"async\" src=\"http:\/\/mkmavikiyi.com\/wp-content\/uploads\/2025\/11\/2-1.png\" alt=\"\" title=\"2\"><\/noscript><\/sr7-bg>\n\t\t\t\t\t\t\t<sr7-txt id=\"SR7_1_1-1-0\" class=\"sr7-layer\">Peyzaj Tasarimi<\/sr7-txt>\n\t\t\t\t\t\t\t<sr7-txt id=\"SR7_1_1-1-1\" class=\"sr7-layer\">Peyzaj tasar\u0131m\u0131, do\u011fal \u00f6\u011felerle mimari b\u00fct\u00fcnl\u00fc\u011f\u00fc destekleyecek \u015fekilde<br \/>\nkurgulanm\u0131\u015ft\u0131r<\/sr7-txt>\n\t\t\t\t\t\t\t<sr7-txt id=\"SR7_1_1-1-3\" class=\"sr7-layer\">dizayn<\/sr7-txt>\n\t\t\t\t\t\t<\/sr7-slide>\n\t\t\t\t\t\t<sr7-slide id=\"SR7_1_1-2\" data-key=\"2\">\n\t\t\t\t\t\t\t<sr7-bg id=\"SR7_1_1-2-4\" class=\"sr7-layer\"><noscript><img decoding=\"async\" src=\"http:\/\/mkmavikiyi.com\/wp-content\/uploads\/2025\/11\/3-1.png\" alt=\"\" title=\"3\"><\/noscript><\/sr7-bg>\n\t\t\t\t\t\t\t<sr7-txt id=\"SR7_1_1-2-0\" class=\"sr7-layer\">OBD evi  \u00c7e\u015fme,Ovac\u0131k<\/sr7-txt>\n\t\t\t\t\t\t\t<sr7-txt id=\"SR7_1_1-2-1\" class=\"sr7-layer\">Do\u011fal ta\u015f\u0131n rustik dokusu ile siyah \u015f\u00f6minenin g\u00fc\u00e7l\u00fc <br \/>\nduru\u015fu bir araya gelerek mek\u00e2nda hem iddial\u0131 hem de <br \/>\nkarakter sahibi bir atmosfer olu\u015fturur<\/sr7-txt>\n\t\t\t\t\t\t\t<sr7-txt id=\"SR7_1_1-2-3\" class=\"sr7-layer\">tasar\u0131m<\/sr7-txt>\n\t\t\t\t\t\t<\/sr7-slide>\n\t\t\t\t\t\t<sr7-slide id=\"SR7_1_1-3\" data-key=\"3\">\n\t\t\t\t\t\t\t<sr7-bg id=\"SR7_1_1-3-13\" class=\"sr7-layer\"><noscript><img decoding=\"async\" src=\"http:\/\/mkmavikiyi.com\/wp-content\/uploads\/2025\/11\/1-1.png\" alt=\"\" title=\"1\"><\/noscript><\/sr7-bg>\n\t\t\t\t\t\t\t<sr7-txt id=\"SR7_1_1-3-0\" class=\"sr7-layer\">Mutfak Tasar\u0131m<\/sr7-txt>\n\t\t\t\t\t\t\t<sr7-txt id=\"SR7_1_1-3-1\" class=\"sr7-layer\">Geni\u015f mek\u00e2n kurgusuna sahip mutfak, yaln\u0131zca bir \u00e7al\u0131\u015fma alan\u0131 olman\u0131n \u00f6tesine ge\u00e7erek <br \/>\nya\u015fam\u0131n merkezine d\u00f6n\u00fc\u015fmektedir<\/sr7-txt>\n\t\t\t\t\t\t\t<sr7-txt id=\"SR7_1_1-3-3\" class=\"sr7-layer\">kalite<\/sr7-txt>\n\t\t\t\t\t\t\t<sr7-txt id=\"SR7_1_1-3-12\" class=\"sr7-layer\">Detay<\/sr7-txt>\n\t\t\t\t\t\t<\/sr7-slide>\n\t\t\t\t\t\t<sr7-slide id=\"SR7_1_1-4\" data-key=\"4\">\n\t\t\t\t\t\t<\/sr7-slide>\n\t\t\t\t\t<\/sr7-content>\n\t\t\t\t\t<image_lists style=\"display:none\">\n\t\t\t\t\t\t<img data-src=\"\/\/mkmavikiyi.com\/wp-content\/uploads\/2025\/11\/2-1.png\" data-libid=\"5654\" data-lib=\"medialibrary\" title=\"2\" width=\"0\" height=\"0\" data-dbsrc=\"Ly9ta21hdmlraXlpLmNvbS93cC1jb250ZW50L3VwbG9hZHMvMjAyNS8xMS8yLTEucG5n\"\/>\n\t\t\t\t\t\t<img data-src=\"\/\/mkmavikiyi.com\/wp-content\/uploads\/2025\/11\/3-1.png\" data-libid=\"5655\" data-lib=\"medialibrary\" title=\"3\" width=\"0\" height=\"0\" data-dbsrc=\"Ly9ta21hdmlraXlpLmNvbS93cC1jb250ZW50L3VwbG9hZHMvMjAyNS8xMS8zLTEucG5n\"\/>\n\t\t\t\t\t\t<img data-src=\"\/\/mkmavikiyi.com\/wp-content\/uploads\/2025\/11\/1-1.png\" data-libid=\"5653\" data-lib=\"medialibrary\" title=\"1\" width=\"0\" height=\"0\" data-dbsrc=\"Ly9ta21hdmlraXlpLmNvbS93cC1jb250ZW50L3VwbG9hZHMvMjAyNS8xMS8xLTEucG5n\"\/>\n\t\t\t\t\t<\/image_lists>\n\t\t\t\t<\/sr7-module>\n\t\t\t\t<script>\n\t\t\t\t\tSR7.PMH ??={}; SR7.PMH[\"SR7_1_1\"] = {cn:100,state:false,fn: function() { if (_tpt!==undefined && _tpt.prepareModuleHeight !== undefined) {  _tpt.prepareModuleHeight({id:\"SR7_1_1\",el:[950,950,600,630,600],type:'standard',shdw:'0',gh:[950,950,600,630,600],gw:[1200,1200,1024,768,480],vpt:['-100px&#039;,&#039;-100px&#039;,&#039;-100px&#039;,&#039;-100px&#039;,&#039;-100px'],size:{fullWidth:true, fullHeight:true},fho:',0px',mh:'0',onh:0,onw:0,bg:{color:'{\"orig\":\"transparent\",\"type\":\"solid\",\"string\":\"transparent\"}'}});   SR7.PMH[\"SR7_1_1\"].state=true;} else if(SR7.PMH[\"SR7_1_1\"].cn-->0)\tsetTimeout( SR7.PMH[\"SR7_1_1\"].fn,19);}};SR7.PMH[\"SR7_1_1\" ].fn();\n\t\t\t\t<\/script>\n<\/div>\n\n\t\t\t\t\t\t<\/div>\n\t\t\t\t<div class=\"elementor-element elementor-element-f69bfba elementor-absolute elementor-icon-list--layout-inline elementor-widget-tablet__width-auto elementor-hidden-desktop elementor-hidden-phone elementor-list-item-link-full_width elementor-widget elementor-widget-icon-list\" data-id=\"f69bfba\" data-element_type=\"widget\" data-settings=\"{&quot;_position&quot;:&quot;absolute&quot;}\" data-widget_type=\"icon-list.default\">\n\t\t\t\t\t\t\t<ul class=\"elementor-icon-list-items elementor-inline-items\">\n\t\t\t\t\t\t\t<li class=\"elementor-icon-list-item elementor-inline-item\">\n\t\t\t\t\t\t\t\t\t\t\t<a href=\"#\">\n\n\t\t\t\t\t\t\t\t\t\t\t<span class=\"elementor-icon-list-text\">instagram<\/span>\n\t\t\t\t\t\t\t\t\t\t\t<\/a>\n\t\t\t\t\t\t\t\t\t<\/li>\n\t\t\t\t\t\t\t\t<li class=\"elementor-icon-list-item elementor-inline-item\">\n\t\t\t\t\t\t\t\t\t\t\t<a href=\"#\">\n\n\t\t\t\t\t\t\t\t\t\t\t<span class=\"elementor-icon-list-text\">facebook<\/span>\n\t\t\t\t\t\t\t\t\t\t\t<\/a>\n\t\t\t\t\t\t\t\t\t<\/li>\n\t\t\t\t\t\t\t\t<li class=\"elementor-icon-list-item elementor-inline-item\">\n\t\t\t\t\t\t\t\t\t\t\t<a href=\"#\">\n\n\t\t\t\t\t\t\t\t\t\t\t<span class=\"elementor-icon-list-text\">twitter<\/span>\n\t\t\t\t\t\t\t\t\t\t\t<\/a>\n\t\t\t\t\t\t\t\t\t<\/li>\n\t\t\t\t\t\t<\/ul>\n\t\t\t\t\t\t<\/div>\n\t\t\t\t<div class=\"elementor-element elementor-element-3ab8cc5 elementor-absolute elementor-widget__width-initial ot-social-vertical elementor-hidden-tablet elementor-hidden-phone elementor-icon-list--layout-traditional elementor-list-item-link-full_width elementor-widget elementor-widget-icon-list\" data-id=\"3ab8cc5\" data-element_type=\"widget\" data-settings=\"{&quot;_position&quot;:&quot;absolute&quot;}\" data-widget_type=\"icon-list.default\">\n\t\t\t\t\t\t\t<ul class=\"elementor-icon-list-items\">\n\t\t\t\t\t\t\t<li class=\"elementor-icon-list-item\">\n\t\t\t\t\t\t\t\t\t\t\t<a href=\"#\">\n\n\t\t\t\t\t\t\t\t\t\t\t<span class=\"elementor-icon-list-text\">twitter<\/span>\n\t\t\t\t\t\t\t\t\t\t\t<\/a>\n\t\t\t\t\t\t\t\t\t<\/li>\n\t\t\t\t\t\t\t\t<li class=\"elementor-icon-list-item\">\n\t\t\t\t\t\t\t\t\t\t\t<a href=\"#\">\n\n\t\t\t\t\t\t\t\t\t\t\t<span class=\"elementor-icon-list-text\">facebook<\/span>\n\t\t\t\t\t\t\t\t\t\t\t<\/a>\n\t\t\t\t\t\t\t\t\t<\/li>\n\t\t\t\t\t\t\t\t<li class=\"elementor-icon-list-item\">\n\t\t\t\t\t\t\t\t\t\t\t<a href=\"#\">\n\n\t\t\t\t\t\t\t\t\t\t\t<span class=\"elementor-icon-list-text\">instagram<\/span>\n\t\t\t\t\t\t\t\t\t\t\t<\/a>\n\t\t\t\t\t\t\t\t\t<\/li>\n\t\t\t\t\t\t<\/ul>\n\t\t\t\t\t\t<\/div>\n\t\t\t\t\t<\/div>\n\t\t<\/div>\n\t\t\t\t\t<\/div>\n\t\t<\/section>\n\t\t\t\t<section class=\"elementor-section elementor-top-section elementor-element elementor-element-06075b1 elementor-section-content-middle elementor-section-boxed elementor-section-height-default elementor-section-height-default\" data-id=\"06075b1\" data-element_type=\"section\" data-settings=\"{&quot;background_background&quot;:&quot;classic&quot;}\">\n\t\t\t\t\t\t<div class=\"elementor-container elementor-column-gap-extended\">\n\t\t\t\t\t<div class=\"elementor-column elementor-col-66 elementor-top-column elementor-element elementor-element-fb37e6a ot-flex-column-vertical\" data-id=\"fb37e6a\" data-element_type=\"column\">\n\t\t\t<div class=\"elementor-widget-wrap elementor-element-populated\">\n\t\t\t\t\t\t<div class=\"elementor-element elementor-element-015f211 elementor-widget elementor-widget-heading\" data-id=\"015f211\" data-element_type=\"widget\" data-widget_type=\"heading.default\">\n\t\t\t\t\t<h2 class=\"elementor-heading-title elementor-size-default\">\"Yat\u00e7\u0131l\u0131k Hizmetlerimiz\" Sitemizi Ziyaret Ettiniz mi ?<\/h2>\t\t\t\t<\/div>\n\t\t\t\t<div class=\"elementor-element elementor-element-90530ec elementor-widget elementor-widget-image\" data-id=\"90530ec\" data-element_type=\"widget\" data-widget_type=\"image.default\">\n\t\t\t\t\t\t\t\t\t\t\t\t\t\t\t<img loading=\"lazy\" decoding=\"async\" width=\"250\" height=\"100\" src=\"https:\/\/mkmavikiyi.com\/wp-content\/uploads\/2025\/11\/LOGO_MARELUSSO250X100_TRANS.png\" class=\"attachment-large size-large wp-image-5617\" alt=\"\" \/>\t\t\t\t\t\t\t\t\t\t\t\t\t\t\t<\/div>\n\t\t\t\t\t<\/div>\n\t\t<\/div>\n\t\t\t\t<div class=\"elementor-column elementor-col-33 elementor-top-column elementor-element elementor-element-75452f1 ot-flex-column-vertical\" data-id=\"75452f1\" data-element_type=\"column\">\n\t\t\t<div class=\"elementor-widget-wrap elementor-element-populated\">\n\t\t\t\t\t\t<div class=\"elementor-element elementor-element-b916b3a elementor-align-right elementor-mobile-align-center elementor-widget elementor-widget-ibutton\" data-id=\"b916b3a\" data-element_type=\"widget\" data-widget_type=\"ibutton.default\">\n\t\t\t\t<div class=\"elementor-widget-container\">\n\t\t\t\t\t\t\t<div class=\"ot-button\">\r\n\t\t\t<a href=\"http:\/\/www.marelusso.com\/\" class=\"octf-btn octf-btn-light\">ziyaret et<\/a>\r\n\t    <\/div>\r\n\t    \t\t\t\t<\/div>\n\t\t\t\t<\/div>\n\t\t\t\t\t<\/div>\n\t\t<\/div>\n\t\t\t\t\t<\/div>\n\t\t<\/section>\n\t\t\t\t<section class=\"elementor-section elementor-top-section elementor-element elementor-element-92eb555 elementor-section-full_width elementor-section-height-default elementor-section-height-default\" data-id=\"92eb555\" data-element_type=\"section\">\n\t\t\t\t\t\t<div class=\"elementor-container elementor-column-gap-no\">\n\t\t\t\t\t<div class=\"elementor-column elementor-col-33 elementor-top-column elementor-element elementor-element-01b328d ot-flex-column-vertical\" data-id=\"01b328d\" data-element_type=\"column\">\n\t\t\t<div class=\"elementor-widget-wrap elementor-element-populated\">\n\t\t\t\t\t\t<div class=\"elementor-element elementor-element-59f8e19 elementor-widget elementor-widget-imagecategory\" data-id=\"59f8e19\" data-element_type=\"widget\" data-widget_type=\"imagecategory.default\">\n\t\t\t\t<div class=\"elementor-widget-container\">\n\t\t\t\t\t\t\t<div class=\"cate-lines\">\r\n\t\t\t<div class=\"cate-item\">\r\n\t\t\t\t<a href=\"#\">\t\t\t\t<img loading=\"lazy\" decoding=\"async\" width=\"750\" height=\"422\" src=\"https:\/\/mkmavikiyi.com\/wp-content\/uploads\/2025\/11\/tt2.png\" class=\"attachment-full size-full wp-image-5580\" alt=\"\" srcset=\"https:\/\/mkmavikiyi.com\/wp-content\/uploads\/2025\/11\/tt2.png 750w, https:\/\/mkmavikiyi.com\/wp-content\/uploads\/2025\/11\/tt2-300x169.png 300w\" sizes=\"(max-width: 750px) 100vw, 750px\" \/>\t\t\t\t<\/a>\t\t        <div class=\"cate-item_content\">\r\n\t\t\t        <a href=\"#\">\t\t\t        \t<h2>Tiny House<span class=\"number-stroke\">01<\/span><\/h2>\r\n\t\t\t        <\/a>\t\t\t\t<\/div>\r\n\t\t\t<\/div>\r\n\t    <\/div>\r\n\t    \t\t\t\t<\/div>\n\t\t\t\t<\/div>\n\t\t\t\t\t<\/div>\n\t\t<\/div>\n\t\t\t\t<div class=\"elementor-column elementor-col-33 elementor-top-column elementor-element elementor-element-88934a3 ot-flex-column-vertical\" data-id=\"88934a3\" data-element_type=\"column\">\n\t\t\t<div class=\"elementor-widget-wrap elementor-element-populated\">\n\t\t\t\t\t\t<div class=\"elementor-element elementor-element-cb3f453 elementor-widget elementor-widget-imagecategory\" data-id=\"cb3f453\" data-element_type=\"widget\" data-widget_type=\"imagecategory.default\">\n\t\t\t\t<div class=\"elementor-widget-container\">\n\t\t\t\t\t\t\t<div class=\"cate-lines\">\r\n\t\t\t<div class=\"cate-item\">\r\n\t\t\t\t<a href=\"#\">\t\t\t\t<img loading=\"lazy\" decoding=\"async\" width=\"750\" height=\"422\" src=\"https:\/\/mkmavikiyi.com\/wp-content\/uploads\/2025\/11\/EvSon.png\" class=\"attachment-full size-full wp-image-5581\" alt=\"\" srcset=\"https:\/\/mkmavikiyi.com\/wp-content\/uploads\/2025\/11\/EvSon.png 750w, https:\/\/mkmavikiyi.com\/wp-content\/uploads\/2025\/11\/EvSon-300x169.png 300w\" sizes=\"(max-width: 750px) 100vw, 750px\" \/>\t\t\t\t<\/a>\t\t        <div class=\"cate-item_content\">\r\n\t\t\t        <a href=\"#\">\t\t\t        \t<h2>Gayrimenkul<span class=\"number-stroke\">02<\/span><\/h2>\r\n\t\t\t        <\/a>\t\t\t\t<\/div>\r\n\t\t\t<\/div>\r\n\t    <\/div>\r\n\t    \t\t\t\t<\/div>\n\t\t\t\t<\/div>\n\t\t\t\t\t<\/div>\n\t\t<\/div>\n\t\t\t\t<div class=\"elementor-column elementor-col-33 elementor-top-column elementor-element elementor-element-1e99f32 ot-flex-column-vertical\" data-id=\"1e99f32\" data-element_type=\"column\">\n\t\t\t<div class=\"elementor-widget-wrap elementor-element-populated\">\n\t\t\t\t\t\t<div class=\"elementor-element elementor-element-5680069 elementor-widget elementor-widget-imagecategory\" data-id=\"5680069\" data-element_type=\"widget\" data-widget_type=\"imagecategory.default\">\n\t\t\t\t<div class=\"elementor-widget-container\">\n\t\t\t\t\t\t\t<div class=\"cate-lines\">\r\n\t\t\t<div class=\"cate-item\">\r\n\t\t\t\t<a href=\"#\">\t\t\t\t<img loading=\"lazy\" decoding=\"async\" width=\"750\" height=\"422\" src=\"https:\/\/mkmavikiyi.com\/wp-content\/uploads\/2025\/11\/mm22.png\" class=\"attachment-full size-full wp-image-5582\" alt=\"\" srcset=\"https:\/\/mkmavikiyi.com\/wp-content\/uploads\/2025\/11\/mm22.png 750w, https:\/\/mkmavikiyi.com\/wp-content\/uploads\/2025\/11\/mm22-300x169.png 300w\" sizes=\"(max-width: 750px) 100vw, 750px\" \/>\t\t\t\t<\/a>\t\t        <div class=\"cate-item_content\">\r\n\t\t\t        <a href=\"#\">\t\t\t        \t<h2>Mimari<span class=\"number-stroke\">03<\/span><\/h2>\r\n\t\t\t        <\/a>\t\t\t\t<\/div>\r\n\t\t\t<\/div>\r\n\t    <\/div>\r\n\t    \t\t\t\t<\/div>\n\t\t\t\t<\/div>\n\t\t\t\t\t<\/div>\n\t\t<\/div>\n\t\t\t\t\t<\/div>\n\t\t<\/section>\n\t\t\t\t<section class=\"elementor-section elementor-top-section elementor-element elementor-element-6b311c1 elementor-section-content-middle has-lines-vertical has-lines-vertical-center elementor-section-boxed elementor-section-height-default elementor-section-height-default\" data-id=\"6b311c1\" data-element_type=\"section\">\n\t\t\t\t\t\t<div class=\"elementor-container elementor-column-gap-extended\">\n\t\t\t\t\t<div class=\"elementor-column elementor-col-50 elementor-top-column elementor-element elementor-element-cda7b3a ot-flex-column-vertical\" data-id=\"cda7b3a\" data-element_type=\"column\">\n\t\t\t<div class=\"elementor-widget-wrap elementor-element-populated\">\n\t\t\t\t\t\t<div class=\"elementor-element elementor-element-d32dfe5 theratio-mobile-align-left elementor-widget elementor-widget-iheading\" data-id=\"d32dfe5\" data-element_type=\"widget\" data-widget_type=\"iheading.default\">\n\t\t\t\t<div class=\"elementor-widget-container\">\n\t\t\t\t\t\t\t<div class=\"ot-heading \">\r\n\t        <span>Mavi K\u0131y\u0131 Gayrimenkul ve Dan\u0131\u015fmanl\u0131k a.\u015f.<\/span>\t        <h5 class=\"main-heading\">Hakk\u0131m\u0131zda<\/h5>\t    <\/div>\r\n\t    \t\t\t\t<\/div>\n\t\t\t\t<\/div>\n\t\t\t\t<div class=\"elementor-element elementor-element-248b638 elementor-widget elementor-widget-text-editor\" data-id=\"248b638\" data-element_type=\"widget\" data-widget_type=\"text-editor.default\">\n\t\t\t\t\t\t\t\t\t<p><em>Firmam\u0131z, sekt\u00f6r\u00fcndeki uzmanl\u0131\u011f\u0131n\u0131 modern mimari anlay\u0131\u015fla birle\u015ftirerek m\u00fc\u015fterilerine yenilik\u00e7i, s\u00fcrd\u00fcr\u00fclebilir ve y\u00fcksek ya\u015fam standartlar\u0131 sunan projeler \u00fcretmektedir. Mod\u00fcler ya\u015fam alanlar\u0131 , Tiny House ve \u00f6zel mimari tasar\u0131mlar konusunda T\u00fcrkiye\u2019de \u00f6nc\u00fc markalardan&#8230;.<a href=\"http:\/\/mkmavikiyi.com\/index.php\/about-us\/\">Devam\u0131<\/a><\/em><\/p>\t\t\t\t\t\t\t\t<\/div>\n\t\t\t\t<div class=\"elementor-element elementor-element-ed7a34a elementor-widget elementor-widget-image\" data-id=\"ed7a34a\" data-element_type=\"widget\" data-widget_type=\"image.default\">\n\t\t\t\t\t\t\t\t\t\t\t\t\t\t\t<img loading=\"lazy\" decoding=\"async\" width=\"250\" height=\"100\" src=\"https:\/\/mkmavikiyi.com\/wp-content\/uploads\/2020\/04\/LOGO_MK_250X100_TRANS.png\" class=\"attachment-large size-large wp-image-5601\" alt=\"\" \/>\t\t\t\t\t\t\t\t\t\t\t\t\t\t\t<\/div>\n\t\t\t\t\t<\/div>\n\t\t<\/div>\n\t\t\t\t<div class=\"elementor-column elementor-col-50 elementor-top-column elementor-element elementor-element-31efd52 ot-flex-column-vertical\" data-id=\"31efd52\" data-element_type=\"column\">\n\t\t\t<div class=\"elementor-widget-wrap elementor-element-populated\">\n\t\t\t\t\t\t<div class=\"elementor-element elementor-element-855f31d elementor-widget elementor-widget-image\" data-id=\"855f31d\" data-element_type=\"widget\" data-widget_type=\"image.default\">\n\t\t\t\t\t\t\t\t\t\t\t\t\t\t\t<img loading=\"lazy\" decoding=\"async\" width=\"716\" height=\"611\" src=\"https:\/\/mkmavikiyi.com\/wp-content\/uploads\/2020\/06\/image1-home3.png\" class=\"attachment-full size-full wp-image-3654\" alt=\"\" srcset=\"https:\/\/mkmavikiyi.com\/wp-content\/uploads\/2020\/06\/image1-home3.png 716w, https:\/\/mkmavikiyi.com\/wp-content\/uploads\/2020\/06\/image1-home3-300x256.png 300w\" sizes=\"(max-width: 716px) 100vw, 716px\" \/>\t\t\t\t\t\t\t\t\t\t\t\t\t\t\t<\/div>\n\t\t\t\t\t<\/div>\n\t\t<\/div>\n\t\t\t\t\t<\/div>\n\t\t<\/section>\n\t\t\t\t<section class=\"elementor-section elementor-top-section elementor-element elementor-element-46f8b6b elementor-section-full_width elementor-section-height-default elementor-section-height-default\" data-id=\"46f8b6b\" data-element_type=\"section\">\n\t\t\t\t\t\t<div class=\"elementor-container elementor-column-gap-default\">\n\t\t\t\t\t<div class=\"elementor-column elementor-col-100 elementor-top-column elementor-element elementor-element-7d6c96b ot-flex-column-vertical\" data-id=\"7d6c96b\" data-element_type=\"column\">\n\t\t\t<div class=\"elementor-widget-wrap elementor-element-populated\">\n\t\t\t\t\t\t<div class=\"elementor-element elementor-element-374a001 elementor-widget elementor-widget-heading\" data-id=\"374a001\" data-element_type=\"widget\" data-widget_type=\"heading.default\">\n\t\t\t\t\t<h5 class=\"elementor-heading-title elementor-size-default\">Tasar\u0131mlar\u0131m\u0131z<\/h5>\t\t\t\t<\/div>\n\t\t\t\t<div class=\"elementor-element elementor-element-23f0b34 elementor-widget elementor-widget-igimages\" data-id=\"23f0b34\" data-element_type=\"widget\" data-widget_type=\"igimages.default\">\n\t\t\t\t<div class=\"elementor-widget-container\">\n\t\t\t\t\t\t\t<div class=\"image-gallery\">\r\n\t\t<div id='gallery-1' class='gallery galleryid-320 gallery-columns-4 gallery-size-medium'><figure class='gallery-item'>\n\t\t\t<div class='gallery-icon landscape'>\n\t\t\t\t<a data-elementor-open-lightbox=\"no\" href='https:\/\/mkmavikiyi.com\/wp-content\/uploads\/2025\/11\/1.png'><img loading=\"lazy\" decoding=\"async\" width=\"300\" height=\"240\" src=\"https:\/\/mkmavikiyi.com\/wp-content\/uploads\/2025\/11\/1-300x240.png\" class=\"attachment-medium size-medium\" alt=\"\" srcset=\"https:\/\/mkmavikiyi.com\/wp-content\/uploads\/2025\/11\/1-300x240.png 300w, https:\/\/mkmavikiyi.com\/wp-content\/uploads\/2025\/11\/1-768x614.png 768w, https:\/\/mkmavikiyi.com\/wp-content\/uploads\/2025\/11\/1.png 1000w\" sizes=\"(max-width: 300px) 100vw, 300px\" \/><\/a>\n\t\t\t<\/div><\/figure><figure class='gallery-item'>\n\t\t\t<div class='gallery-icon landscape'>\n\t\t\t\t<a data-elementor-open-lightbox=\"no\" href='https:\/\/mkmavikiyi.com\/wp-content\/uploads\/2025\/11\/2.png'><img loading=\"lazy\" decoding=\"async\" width=\"300\" height=\"240\" src=\"https:\/\/mkmavikiyi.com\/wp-content\/uploads\/2025\/11\/2-300x240.png\" class=\"attachment-medium size-medium\" alt=\"\" srcset=\"https:\/\/mkmavikiyi.com\/wp-content\/uploads\/2025\/11\/2-300x240.png 300w, https:\/\/mkmavikiyi.com\/wp-content\/uploads\/2025\/11\/2-768x614.png 768w, https:\/\/mkmavikiyi.com\/wp-content\/uploads\/2025\/11\/2.png 1000w\" sizes=\"(max-width: 300px) 100vw, 300px\" \/><\/a>\n\t\t\t<\/div><\/figure><figure class='gallery-item'>\n\t\t\t<div class='gallery-icon landscape'>\n\t\t\t\t<a data-elementor-open-lightbox=\"no\" href='https:\/\/mkmavikiyi.com\/wp-content\/uploads\/2025\/11\/3.png'><img loading=\"lazy\" decoding=\"async\" width=\"300\" height=\"240\" src=\"https:\/\/mkmavikiyi.com\/wp-content\/uploads\/2025\/11\/3-300x240.png\" class=\"attachment-medium size-medium\" alt=\"\" srcset=\"https:\/\/mkmavikiyi.com\/wp-content\/uploads\/2025\/11\/3-300x240.png 300w, https:\/\/mkmavikiyi.com\/wp-content\/uploads\/2025\/11\/3-768x614.png 768w, https:\/\/mkmavikiyi.com\/wp-content\/uploads\/2025\/11\/3.png 1000w\" sizes=\"(max-width: 300px) 100vw, 300px\" \/><\/a>\n\t\t\t<\/div><\/figure><figure class='gallery-item'>\n\t\t\t<div class='gallery-icon landscape'>\n\t\t\t\t<a data-elementor-open-lightbox=\"no\" href='https:\/\/mkmavikiyi.com\/wp-content\/uploads\/2025\/11\/4.png'><img loading=\"lazy\" decoding=\"async\" width=\"300\" height=\"240\" src=\"https:\/\/mkmavikiyi.com\/wp-content\/uploads\/2025\/11\/4-300x240.png\" class=\"attachment-medium size-medium\" alt=\"\" srcset=\"https:\/\/mkmavikiyi.com\/wp-content\/uploads\/2025\/11\/4-300x240.png 300w, https:\/\/mkmavikiyi.com\/wp-content\/uploads\/2025\/11\/4-768x614.png 768w, https:\/\/mkmavikiyi.com\/wp-content\/uploads\/2025\/11\/4.png 1000w\" sizes=\"(max-width: 300px) 100vw, 300px\" \/><\/a>\n\t\t\t<\/div><\/figure><figure class='gallery-item'>\n\t\t\t<div class='gallery-icon landscape'>\n\t\t\t\t<a data-elementor-open-lightbox=\"no\" href='https:\/\/mkmavikiyi.com\/wp-content\/uploads\/2025\/11\/5.png'><img loading=\"lazy\" decoding=\"async\" width=\"300\" height=\"240\" src=\"https:\/\/mkmavikiyi.com\/wp-content\/uploads\/2025\/11\/5-300x240.png\" class=\"attachment-medium size-medium\" alt=\"\" srcset=\"https:\/\/mkmavikiyi.com\/wp-content\/uploads\/2025\/11\/5-300x240.png 300w, https:\/\/mkmavikiyi.com\/wp-content\/uploads\/2025\/11\/5-768x614.png 768w, https:\/\/mkmavikiyi.com\/wp-content\/uploads\/2025\/11\/5.png 1000w\" sizes=\"(max-width: 300px) 100vw, 300px\" \/><\/a>\n\t\t\t<\/div><\/figure><figure class='gallery-item'>\n\t\t\t<div class='gallery-icon landscape'>\n\t\t\t\t<a data-elementor-open-lightbox=\"no\" href='https:\/\/mkmavikiyi.com\/wp-content\/uploads\/2025\/11\/6.png'><img loading=\"lazy\" decoding=\"async\" width=\"300\" height=\"240\" src=\"https:\/\/mkmavikiyi.com\/wp-content\/uploads\/2025\/11\/6-300x240.png\" class=\"attachment-medium size-medium\" alt=\"\" srcset=\"https:\/\/mkmavikiyi.com\/wp-content\/uploads\/2025\/11\/6-300x240.png 300w, https:\/\/mkmavikiyi.com\/wp-content\/uploads\/2025\/11\/6-768x614.png 768w, https:\/\/mkmavikiyi.com\/wp-content\/uploads\/2025\/11\/6.png 1000w\" sizes=\"(max-width: 300px) 100vw, 300px\" \/><\/a>\n\t\t\t<\/div><\/figure><figure class='gallery-item'>\n\t\t\t<div class='gallery-icon landscape'>\n\t\t\t\t<a data-elementor-open-lightbox=\"no\" href='https:\/\/mkmavikiyi.com\/wp-content\/uploads\/2025\/11\/7.png'><img loading=\"lazy\" decoding=\"async\" width=\"300\" height=\"240\" src=\"https:\/\/mkmavikiyi.com\/wp-content\/uploads\/2025\/11\/7-300x240.png\" class=\"attachment-medium size-medium\" alt=\"\" srcset=\"https:\/\/mkmavikiyi.com\/wp-content\/uploads\/2025\/11\/7-300x240.png 300w, https:\/\/mkmavikiyi.com\/wp-content\/uploads\/2025\/11\/7-768x614.png 768w, https:\/\/mkmavikiyi.com\/wp-content\/uploads\/2025\/11\/7.png 1000w\" sizes=\"(max-width: 300px) 100vw, 300px\" \/><\/a>\n\t\t\t<\/div><\/figure>\n\t\t<\/div>\n\t\t<\/div>\r\n\t\t\t\t\t\t<\/div>\n\t\t\t\t<\/div>\n\t\t\t\t\t<\/div>\n\t\t<\/div>\n\t\t\t\t\t<\/div>\n\t\t<\/section>\n\t\t\t\t<\/div>\n\t\t","protected":false},"excerpt":{"rendered":"<p>instagram facebook twitter twitter facebook instagram &#8220;Yat\u00e7\u0131l\u0131k Hizmetlerimiz&#8221; Sitemizi Ziyaret Ettiniz mi ? ziyaret et Tiny House01 Gayrimenkul02 Mimari03 Mavi K\u0131y\u0131 Gayrimenkul ve Dan\u0131\u015fmanl\u0131k a.\u015f. Hakk\u0131m\u0131zda Firmam\u0131z, sekt\u00f6r\u00fcndeki uzmanl\u0131\u011f\u0131n\u0131 modern mimari anlay\u0131\u015fla birle\u015ftirerek m\u00fc\u015fterilerine yenilik\u00e7i, s\u00fcrd\u00fcr\u00fclebilir ve y\u00fcksek ya\u015fam standartlar\u0131 sunan projeler \u00fcretmektedir. Mod\u00fcler ya\u015fam alanlar\u0131 , Tiny House ve \u00f6zel mimari tasar\u0131mlar konusunda T\u00fcrkiye\u2019de [&hellip;]<\/p>\n","protected":false},"author":1,"featured_media":0,"parent":0,"menu_order":0,"comment_status":"closed","ping_status":"closed","template":"","meta":{"footnotes":""},"class_list":["post-320","page","type-page","status-publish","hentry"],"_links":{"self":[{"href":"https:\/\/mkmavikiyi.com\/index.php\/wp-json\/wp\/v2\/pages\/320","targetHints":{"allow":["GET"]}}],"collection":[{"href":"https:\/\/mkmavikiyi.com\/index.php\/wp-json\/wp\/v2\/pages"}],"about":[{"href":"https:\/\/mkmavikiyi.com\/index.php\/wp-json\/wp\/v2\/types\/page"}],"author":[{"embeddable":true,"href":"https:\/\/mkmavikiyi.com\/index.php\/wp-json\/wp\/v2\/users\/1"}],"replies":[{"embeddable":true,"href":"https:\/\/mkmavikiyi.com\/index.php\/wp-json\/wp\/v2\/comments?post=320"}],"version-history":[{"count":160,"href":"https:\/\/mkmavikiyi.com\/index.php\/wp-json\/wp\/v2\/pages\/320\/revisions"}],"predecessor-version":[{"id":5880,"href":"https:\/\/mkmavikiyi.com\/index.php\/wp-json\/wp\/v2\/pages\/320\/revisions\/5880"}],"wp:attachment":[{"href":"https:\/\/mkmavikiyi.com\/index.php\/wp-json\/wp\/v2\/media?parent=320"}],"curies":[{"name":"wp","href":"https:\/\/api.w.org\/{rel}","templated":true}]}}